{"id":782,"date":"2020-05-27T21:01:11","date_gmt":"2020-05-27T21:01:11","guid":{"rendered":"https:\/\/sag.ufvsoca.ca\/sag\/?page_id=782"},"modified":"2026-04-10T21:08:33","modified_gmt":"2026-04-10T21:08:33","slug":"gallery","status":"publish","type":"page","link":"https:\/\/sag.ufvsoca.ca\/sag\/gallery\/","title":{"rendered":"GALLERY"},"content":{"rendered":"\t\t<div data-elementor-type=\"wp-page\" data-elementor-id=\"782\" class=\"elementor elementor-782\" data-elementor-post-type=\"page\">\n\t\t\t\t\t\t<section class=\"elementor-section elementor-top-section elementor-element elementor-element-8697ff3 elementor-section-boxed elementor-section-height-default elementor-section-height-default\" data-id=\"8697ff3\" data-element_type=\"section\">\n\t\t\t\t\t\t<div class=\"elementor-container elementor-column-gap-default\">\n\t\t\t\t\t<div class=\"elementor-column elementor-col-100 elementor-top-column elementor-element elementor-element-db1236e\" data-id=\"db1236e\" data-element_type=\"column\">\n\t\t\t<div class=\"elementor-widget-wrap\">\n\t\t\t\t\t\t\t<\/div>\n\t\t<\/div>\n\t\t\t\t\t<\/div>\n\t\t<\/section>\n\t\t\t\t<section class=\"elementor-section elementor-top-section elementor-element elementor-element-fcd21db elementor-section-boxed elementor-section-height-default elementor-section-height-default\" data-id=\"fcd21db\" data-element_type=\"section\" data-settings=\"{&quot;background_background&quot;:&quot;classic&quot;}\">\n\t\t\t\t\t\t<div class=\"elementor-container elementor-column-gap-default\">\n\t\t\t\t\t<div class=\"elementor-column elementor-col-100 elementor-top-column elementor-element elementor-element-f9098f9\" data-id=\"f9098f9\" data-element_type=\"column\">\n\t\t\t<div class=\"elementor-widget-wrap elementor-element-populated\">\n\t\t\t\t\t\t<div class=\"elementor-element elementor-element-4f8bea2 elementor-widget elementor-widget-heading\" data-id=\"4f8bea2\" data-element_type=\"widget\" data-widget_type=\"heading.default\">\n\t\t\t\t<div class=\"elementor-widget-container\">\n\t\t\t\t\t<h5 class=\"elementor-heading-title elementor-size-default\"><h2><font>CONTACT<\/font><span><\/span><font><br><\/font><\/h2><\/h5>\t\t\t\t<\/div>\n\t\t\t\t<\/div>\n\t\t\t\t\t<\/div>\n\t\t<\/div>\n\t\t\t\t\t<\/div>\n\t\t<\/section>\n\t\t\t\t<section class=\"elementor-section elementor-top-section elementor-element elementor-element-6f3ddb4 elementor-section-boxed elementor-section-height-default elementor-section-height-default\" data-id=\"6f3ddb4\" data-element_type=\"section\" data-settings=\"{&quot;background_background&quot;:&quot;classic&quot;}\">\n\t\t\t\t\t\t<div class=\"elementor-container elementor-column-gap-default\">\n\t\t\t\t\t<div class=\"elementor-column elementor-col-50 elementor-top-column elementor-element elementor-element-1e57965\" data-id=\"1e57965\" data-element_type=\"column\">\n\t\t\t<div class=\"elementor-widget-wrap elementor-element-populated\">\n\t\t\t\t\t\t<div class=\"elementor-element elementor-element-9f2cc6b elementor-widget elementor-widget-google_maps\" data-id=\"9f2cc6b\" data-element_type=\"widget\" data-widget_type=\"google_maps.default\">\n\t\t\t\t<div class=\"elementor-widget-container\">\n\t\t\t\t\t\t\t<div class=\"elementor-custom-embed\">\n\t\t\t<iframe loading=\"lazy\"\n\t\t\t\t\tsrc=\"https:\/\/maps.google.com\/maps?q=Univesity%20of%20the%20Fraser%20Valley%2C%2033844%20King%20Road%2C%20Abbotsford%2C%20B.C.&#038;t=m&#038;z=13&#038;output=embed&#038;iwloc=near\"\n\t\t\t\t\ttitle=\"Univesity of the Fraser Valley, 33844 King Road, Abbotsford, B.C.\"\n\t\t\t\t\taria-label=\"Univesity of the Fraser Valley, 33844 King Road, Abbotsford, B.C.\"\n\t\t\t><\/iframe>\n\t\t<\/div>\n\t\t\t\t\t\t<\/div>\n\t\t\t\t<\/div>\n\t\t\t\t\t<\/div>\n\t\t<\/div>\n\t\t\t\t<div class=\"elementor-column elementor-col-50 elementor-top-column elementor-element elementor-element-b166981\" data-id=\"b166981\" data-element_type=\"column\">\n\t\t\t<div class=\"elementor-widget-wrap elementor-element-populated\">\n\t\t\t\t\t\t<div class=\"elementor-element elementor-element-cf96ca6 elementor-widget elementor-widget-text-editor\" data-id=\"cf96ca6\" data-element_type=\"widget\" data-widget_type=\"text-editor.default\">\n\t\t\t\t<div class=\"elementor-widget-container\">\n\t\t\t\t\t\t\t\t\t<p>S\u2019ELIYEMETAXWTEXW ART GALLERY<\/p><p>UNIVERSITY OF THE FRASER VALLEY<br \/>ROOM B136, B BUILDING<br \/>33844 KING ROAD, ABBOTSFORD<br \/>BC, CANADA<br \/>V2S 7M8<\/p><p>EMAIL: soca @ufv.ca<\/p><p>HOURS: MONDAY-FRIDAY, 12:00 P.M &#8211; 5:00 P.M.<\/p>\t\t\t\t\t\t\t\t<\/div>\n\t\t\t\t<\/div>\n\t\t\t\t\t<\/div>\n\t\t<\/div>\n\t\t\t\t\t<\/div>\n\t\t<\/section>\n\t\t\t\t<section class=\"elementor-section elementor-top-section elementor-element elementor-element-81084f2 elementor-section-boxed elementor-section-height-default elementor-section-height-default\" data-id=\"81084f2\" data-element_type=\"section\">\n\t\t\t\t\t\t<div class=\"elementor-container elementor-column-gap-default\">\n\t\t\t\t\t<div class=\"elementor-column elementor-col-100 elementor-top-column elementor-element elementor-element-0d83284\" data-id=\"0d83284\" data-element_type=\"column\">\n\t\t\t<div class=\"elementor-widget-wrap elementor-element-populated\">\n\t\t\t\t\t\t<div class=\"elementor-element elementor-element-daf6a29 elementor-widget elementor-widget-heading\" data-id=\"daf6a29\" data-element_type=\"widget\" data-widget_type=\"heading.default\">\n\t\t\t\t<div class=\"elementor-widget-container\">\n\t\t\t\t\t<h2 class=\"elementor-heading-title elementor-size-default\"><h2><span><font>ABOUT<\/font><\/span><span><\/span><font><br><\/font><\/h2><\/h2>\t\t\t\t<\/div>\n\t\t\t\t<\/div>\n\t\t\t\t\t<\/div>\n\t\t<\/div>\n\t\t\t\t\t<\/div>\n\t\t<\/section>\n\t\t\t\t<section class=\"elementor-section elementor-top-section elementor-element elementor-element-9a0a9e1 elementor-section-boxed elementor-section-height-default elementor-section-height-default\" data-id=\"9a0a9e1\" data-element_type=\"section\">\n\t\t\t\t\t\t<div class=\"elementor-container elementor-column-gap-default\">\n\t\t\t\t\t<div class=\"elementor-column elementor-col-100 elementor-top-column elementor-element elementor-element-dcc7910\" data-id=\"dcc7910\" data-element_type=\"column\">\n\t\t\t<div class=\"elementor-widget-wrap elementor-element-populated\">\n\t\t\t\t\t\t<div class=\"elementor-element elementor-element-2f9dc15 elementor-widget__width-initial elementor-widget elementor-widget-text-editor\" data-id=\"2f9dc15\" data-element_type=\"widget\" data-widget_type=\"text-editor.default\">\n\t\t\t\t<div class=\"elementor-widget-container\">\n\t\t\t\t\t\t\t\t\t<p>The S&#8217;eliyemetaxwtexw Art Gallery (pronounced S-uh-lee-uh-mut-out-ook) has operated on the UFV campus since 1985 and was renamed in 2014. This new name not only acknowledges that the Gallery sits on the unceded territory of the Sto\u0301:lo\u0304 Nation but also confirms the UFV School of Creative Arts\u2019 ongoing commitment to building and maintaining lasting relationships with our Indigenous neighbours.<\/p><p>The School of Creative Arts remains committed to exhibition practices founded on principles of intellectual and artistic freedom, cultural sensitivity, social diversity, and collaborative relations with Indigenous peoples. \u00a0The Gallery supports and encourages student and community-centered exhibitions, teaching the complexities of showing and sharing art and visual culture.<\/p><p>About the name S&#8217;eliyemetaxwtexw:<span style=\"font-size: 1rem;\">The St\u00f3:l\u014d people living between Hope and Fort Langley speak Upriver Halq&#8217;em\u00e9ylem, a Salishan dialect closely related to Downriver and Island Halq&#8217;em\u00e9ylem. At present, the St\u00f3:l\u014d and other partners are working diligently to preserve Halq&#8217;em\u00e9ylem for future generations. Laura Wee Lay Laq and her fluent speaking elder, Siyamiyateliyot, developed the new gallery name from Upper Halq words meaning \u201ca place that holds dreams or visions.\u201d Visitors to the S&#8217;eliyemetaxwtexw Art Gallery can learn to say the gallery\u2019s new name by listening to the voice of elder Siyamityateliyot, who has provided a pronunciation that can be heard at the gallery entrance.<\/span><\/p><p class=\"p1\"><b>\u00a0&#8212;<\/b><\/p><p><span style=\"font-size: 1rem;\">Gallery Hours: 12:00 PM &#8211; 5:00 PM, Mon &#8211; Fri<\/span><\/p><p>Building B, Room B136<\/p><p>33844 King Road<\/p><p>Abbotsford, BC, V2S 7M8<\/p><p>School of Creative Arts, University of the Fraser Valley<\/p><p>Email:\u00a0<a href=\"mailto:soca@ufv.ca\">soca @ufv.ca<\/a><\/p>\t\t\t\t\t\t\t\t<\/div>\n\t\t\t\t<\/div>\n\t\t\t\t\t<\/div>\n\t\t<\/div>\n\t\t\t\t\t<\/div>\n\t\t<\/section>\n\t\t\t\t<\/div>\n\t\t","protected":false},"excerpt":{"rendered":"<p>CONTACT S\u2019ELIYEMETAXWTEXW ART GALLERY UNIVERSITY OF THE FRASER VALLEYROOM B136, B BUILDING33844 KING ROAD, ABBOTSFORDBC, CANADAV2S 7M8 EMAIL: soca @ufv.ca HOURS: MONDAY-FRIDAY, 12:00 P.M &#8211; 5:00 P.M. ABOUT The S&#8217;eliyemetaxwtexw Art Gallery (pronounced S-uh-lee-uh-mut-out-ook) has operated on the UFV campus since 1985 and was renamed in 2014. This new name not only acknowledges that the [&hellip;]<\/p>\n","protected":false},"author":1,"featured_media":0,"parent":0,"menu_order":0,"comment_status":"closed","ping_status":"closed","template":"","meta":{"_acf_changed":false,"footnotes":""},"class_list":["post-782","page","type-page","status-publish","hentry"],"acf":[],"_links":{"self":[{"href":"https:\/\/sag.ufvsoca.ca\/sag\/wp-json\/wp\/v2\/pages\/782","targetHints":{"allow":["GET"]}}],"collection":[{"href":"https:\/\/sag.ufvsoca.ca\/sag\/wp-json\/wp\/v2\/pages"}],"about":[{"href":"https:\/\/sag.ufvsoca.ca\/sag\/wp-json\/wp\/v2\/types\/page"}],"author":[{"embeddable":true,"href":"https:\/\/sag.ufvsoca.ca\/sag\/wp-json\/wp\/v2\/users\/1"}],"replies":[{"embeddable":true,"href":"https:\/\/sag.ufvsoca.ca\/sag\/wp-json\/wp\/v2\/comments?post=782"}],"version-history":[{"count":143,"href":"https:\/\/sag.ufvsoca.ca\/sag\/wp-json\/wp\/v2\/pages\/782\/revisions"}],"predecessor-version":[{"id":6457,"href":"https:\/\/sag.ufvsoca.ca\/sag\/wp-json\/wp\/v2\/pages\/782\/revisions\/6457"}],"wp:attachment":[{"href":"https:\/\/sag.ufvsoca.ca\/sag\/wp-json\/wp\/v2\/media?parent=782"}],"curies":[{"name":"wp","href":"https:\/\/api.w.org\/{rel}","templated":true}]}}

<div data-elementor-type="wp-page" data-elementor-id="782" class="elementor elementor-782" data-elementor-post-type="page">
						<section class="elementor-section elementor-top-section elementor-element elementor-element-8697ff3 elementor-section-boxed elementor-section-height-default elementor-section-height-default" data-id="8697ff3" data-element_type="section">
						<div class="elementor-container elementor-column-gap-default">
					<div class="elementor-column elementor-col-100 elementor-top-column elementor-element elementor-element-db1236e" data-id="db1236e" data-element_type="column">
			<div class="elementor-widget-wrap">
							</div>
		</div>
					</div>
		</section>
				<section class="elementor-section elementor-top-section elementor-element elementor-element-fcd21db elementor-section-boxed elementor-section-height-default elementor-section-height-default" data-id="fcd21db" data-element_type="section" data-settings="{&quot;background_background&quot;:&quot;classic&quot;}">
						<div class="elementor-container elementor-column-gap-default">
					<div class="elementor-column elementor-col-100 elementor-top-column elementor-element elementor-element-f9098f9" data-id="f9098f9" data-element_type="column">
			<div class="elementor-widget-wrap elementor-element-populated">
						<div class="elementor-element elementor-element-4f8bea2 elementor-widget elementor-widget-heading" data-id="4f8bea2" data-element_type="widget" data-widget_type="heading.default">
				<div class="elementor-widget-container">
					<h5 class="elementor-heading-title elementor-size-default"><h2><font>CONTACT</font><span></span><font><br></font></h2></h5>				</div>
				</div>
					</div>
		</div>
					</div>
		</section>
				<section class="elementor-section elementor-top-section elementor-element elementor-element-6f3ddb4 elementor-section-boxed elementor-section-height-default elementor-section-height-default" data-id="6f3ddb4" data-element_type="section" data-settings="{&quot;background_background&quot;:&quot;classic&quot;}">
						<div class="elementor-container elementor-column-gap-default">
					<div class="elementor-column elementor-col-50 elementor-top-column elementor-element elementor-element-1e57965" data-id="1e57965" data-element_type="column">
			<div class="elementor-widget-wrap elementor-element-populated">
						<div class="elementor-element elementor-element-9f2cc6b elementor-widget elementor-widget-google_maps" data-id="9f2cc6b" data-element_type="widget" data-widget_type="google_maps.default">
				<div class="elementor-widget-container">
							<div class="elementor-custom-embed">
			<iframe loading="lazy"
					src="https://maps.google.com/maps?q=Univesity%20of%20the%20Fraser%20Valley%2C%2033844%20King%20Road%2C%20Abbotsford%2C%20B.C.&#038;t=m&#038;z=13&#038;output=embed&#038;iwloc=near"
					title="Univesity of the Fraser Valley, 33844 King Road, Abbotsford, B.C."
					aria-label="Univesity of the Fraser Valley, 33844 King Road, Abbotsford, B.C."
			></iframe>
		</div>
						</div>
				</div>
					</div>
		</div>
				<div class="elementor-column elementor-col-50 elementor-top-column elementor-element elementor-element-b166981" data-id="b166981" data-element_type="column">
			<div class="elementor-widget-wrap elementor-element-populated">
						<div class="elementor-element elementor-element-cf96ca6 elementor-widget elementor-widget-text-editor" data-id="cf96ca6" data-element_type="widget" data-widget_type="text-editor.default">
				<div class="elementor-widget-container">
									<p>S’ELIYEMETAXWTEXW ART GALLERY</p><p>UNIVERSITY OF THE FRASER VALLEY<br />ROOM B136, B BUILDING<br />33844 KING ROAD, ABBOTSFORD<br />BC, CANADA<br />V2S 7M8</p><p>EMAIL: soca @ufv.ca</p><p>HOURS: MONDAY-FRIDAY, 12:00 P.M &#8211; 5:00 P.M.</p>								</div>
				</div>
					</div>
		</div>
					</div>
		</section>
				<section class="elementor-section elementor-top-section elementor-element elementor-element-81084f2 elementor-section-boxed elementor-section-height-default elementor-section-height-default" data-id="81084f2" data-element_type="section">
						<div class="elementor-container elementor-column-gap-default">
					<div class="elementor-column elementor-col-100 elementor-top-column elementor-element elementor-element-0d83284" data-id="0d83284" data-element_type="column">
			<div class="elementor-widget-wrap elementor-element-populated">
						<div class="elementor-element elementor-element-daf6a29 elementor-widget elementor-widget-heading" data-id="daf6a29" data-element_type="widget" data-widget_type="heading.default">
				<div class="elementor-widget-container">
					<h2 class="elementor-heading-title elementor-size-default"><h2><span><font>ABOUT</font></span><span></span><font><br></font></h2></h2>				</div>
				</div>
					</div>
		</div>
					</div>
		</section>
				<section class="elementor-section elementor-top-section elementor-element elementor-element-9a0a9e1 elementor-section-boxed elementor-section-height-default elementor-section-height-default" data-id="9a0a9e1" data-element_type="section">
						<div class="elementor-container elementor-column-gap-default">
					<div class="elementor-column elementor-col-100 elementor-top-column elementor-element elementor-element-dcc7910" data-id="dcc7910" data-element_type="column">
			<div class="elementor-widget-wrap elementor-element-populated">
						<div class="elementor-element elementor-element-2f9dc15 elementor-widget__width-initial elementor-widget elementor-widget-text-editor" data-id="2f9dc15" data-element_type="widget" data-widget_type="text-editor.default">
				<div class="elementor-widget-container">
									<p>The S&#8217;eliyemetaxwtexw Art Gallery (pronounced S-uh-lee-uh-mut-out-ook) has operated on the UFV campus since 1985 and was renamed in 2014. This new name not only acknowledges that the Gallery sits on the unceded territory of the Stó:lō Nation but also confirms the UFV School of Creative Arts’ ongoing commitment to building and maintaining lasting relationships with our Indigenous neighbours.</p><p>The School of Creative Arts remains committed to exhibition practices founded on principles of intellectual and artistic freedom, cultural sensitivity, social diversity, and collaborative relations with Indigenous peoples.  The Gallery supports and encourages student and community-centered exhibitions, teaching the complexities of showing and sharing art and visual culture.</p><p>About the name S&#8217;eliyemetaxwtexw:<span style="font-size: 1rem;">The Stó:lō people living between Hope and Fort Langley speak Upriver Halq&#8217;eméylem, a Salishan dialect closely related to Downriver and Island Halq&#8217;eméylem. At present, the Stó:lō and other partners are working diligently to preserve Halq&#8217;eméylem for future generations. Laura Wee Lay Laq and her fluent speaking elder, Siyamiyateliyot, developed the new gallery name from Upper Halq words meaning “a place that holds dreams or visions.” Visitors to the S&#8217;eliyemetaxwtexw Art Gallery can learn to say the gallery’s new name by listening to the voice of elder Siyamityateliyot, who has provided a pronunciation that can be heard at the gallery entrance.</span></p><p class="p1"><b> &#8212;</b></p><p><span style="font-size: 1rem;">Gallery Hours: 12:00 PM &#8211; 5:00 PM, Mon &#8211; Fri</span></p><p>Building B, Room B136</p><p>33844 King Road</p><p>Abbotsford, BC, V2S 7M8</p><p>School of Creative Arts, University of the Fraser Valley</p><p>Email: <a href="mailto:soca@ufv.ca">soca @ufv.ca</a></p>								</div>
				</div>
					</div>
		</div>
					</div>
		</section>
				</div>
